
Does 56 divide 696?
False
Is 20 a factor of 109490?
False
Is 93 a factor of 2635?
False
Is 13910 a multiple of 13?
True
Is 1820 a multiple of 40?
False
Does 50 divide 1300?
True
Is 83628 a multiple of 101?
True
Does 30 divide 2273?
False
Is 24940 a multiple of 86?
True
Is 2 a factor of 11?
False
Is 5 a factor of 5682?
False
Is 384 a multiple of 192?
True
Is 13 a factor of 897?
True
Is 5243 a multiple of 7?
True
Is 1729 a multiple of 8?
False
Does 13 divide 2235?
False
Is 2 a factor of 18630?
True
Is 6880 a multiple of 172?
True
Is 13216 a multiple of 236?
True
Is 153 a multiple of 17?
True
Does 2 divide 285?
False
Is 11 a factor of 16753?
True
Does 6 divide 102?
True
Is 21798 a multiple of 7?
True
Is 2088 a multiple of 36?
True
Does 31 divide 8308?
True
Is 7 a factor of 164?
False
Is 1072 a multiple of 7?
False
Does 81 divide 2140?
False
Is 18 a factor of 2736?
True
Does 46 divide 1840?
True
Is 812 even?
True
Is 9 a factor of 293?
False
Does 24 divide 720?
True
Is 400 a multiple of 10?
True
Is 28594 a multiple of 29?
True
Does 9 divide 3942?
True
Is 114 a factor of 18506?
False
Is 12 a factor of 6228?
True
Does 21 divide 669?
False
Does 64 divide 91?
False
Does 19 divide 829?
False
Is 22 a factor of 457?
False
Is 11 a factor of 960?
False
Does 13 divide 5031?
True
Does 27 divide 353?
False
Is 11 a factor of 506?
True
Is 7 a factor of 319?
False
Is 1179 even?
False
Is 840 a multiple of 56?
True
Is 158045 a multiple of 46?
False
Is 34 a factor of 394?
False
Is 14 a factor of 37478?
True
Does 31 divide 764?
False
Is 22 a factor of 4862?
True
Is 692 a multiple of 39?
False
Is 8136 a multiple of 41?
False
Does 3 divide 1183?
False
Is 18 a multiple of 2?
True
Does 21 divide 1015?
False
Is 2895 a multiple of 15?
True
Is 5254 a multiple of 11?
False
Is 23 a factor of 3795?
True
Is 16906 a multiple of 79?
True
Does 26 divide 1716?
True
Does 15 divide 288?
False
Is 10 a factor of 215?
False
Is 131 a multiple of 3?
False
Is 52342 a multiple of 13?
False
Does 143 divide 34528?
False
Is 2 a factor of 2334?
True
Does 33 divide 1221?
True
Does 79 divide 632?
True
Is 1116 a multiple of 10?
False
Is 4 a factor of 691?
False
Is 2480 a multiple of 8?
True
Is 11 a factor of 93?
False
Is 7442 a multiple of 51?
False
Is 25737 a multiple of 26?
False
Does 43 divide 14181?
False
Does 16 divide 29286?
False
Is 101 a factor of 808?
True
Is 7344 a multiple of 72?
True
Is 2 a factor of 35?
False
Does 28 divide 8064?
True
Is 10 a factor of 14134?
False
Does 32 divide 7072?
True
Is 363 a multiple of 3?
True
Does 24 divide 1512?
True
Is 5 a factor of 1037?
False
Does 12 divide 420?
True
Is 28871 a multiple of 8?
False
Is 87 a multiple of 3?
True
Is 13 a factor of 403?
True
Is 1323 a multiple of 49?
True
Is 71 a factor of 20164?
True
Is 26976 a multiple of 24?
True
Is 47 a factor of 4427?
False
Is 37 a factor of 4588?
True
Is 13 a factor of 1651?
True
Does 15 divide 240?
True
Is 7 a factor of 925?
False
Is 5 a factor of 862?
False
Is 228 a multiple of 9?
False
Is 1648 a multiple of 16?
True
Is 6689 a multiple of 22?
False
Is 111 a multiple of 20?
False
Is 526 a multiple of 11?
False
Does 38 divide 5538?
False
Is 11 a factor of 9328?
True
Is 1302 a multiple of 7?
True
Is 8 a factor of 36216?
True
Does 10 divide 18262?
False
Does 15 divide 360?
True
Is 4771 even?
False
Is 47 a factor of 2703?
False
Is 275 a factor of 14025?
True
Is 783 even?
False
Is 13 a factor of 143?
True
Is 646 a multiple of 23?
False
Is 110108 a multiple of 24?
False
Is 96 a factor of 2754?
False
Does 33 divide 330?
True
Is 5 a factor of 973?
False
Is 18 a factor of 1692?
True
Is 15 a factor of 9951?
False
Is 3053 a multiple of 22?
False
Does 16 divide 10334?
False
Does 68 divide 2549?
False
Is 12 a factor of 2916?
True
Is 5554 a multiple of 18?
False
Does 10 divide 357?
False
Is 3509 a multiple of 319?
True
Is 249 a factor of 28386?
True
Is 8 a factor of 5856?
True
Does 107 divide 7716?
False
Is 8 a factor of 448?
True
Does 6 divide 906?
True
Is 23 a factor of 957?
False
Is 22236 a multiple of 51?
True
Is 11 a factor of 8999?
False
Does 61 divide 9455?
True
Is 98719 a multiple of 17?
True
Does 9 divide 2369?
False
Does 46 divide 47334?
True
Does 36 divide 108?
True
Is 52316 a multiple of 8?
False
Is 6 a factor of 3238?
False
Does 38 divide 8550?
True
Is 59 a factor of 16048?
True
Is 15446 a multiple of 23?
False
Is 1419 a multiple of 33?
True
Is 4806 a multiple of 54?
True
Does 164 divide 346?
False
Does 2 divide 1363?
False
Is 1859 a multiple of 11?
True
Is 178 a factor of 12511?
False
Is 13 a factor of 2282?
False
Is 1156 a multiple of 17?
True
Is 5 a factor of 2101?
False
Is 4 a factor of 9238?
False
Is 857 a multiple of 51?
False
Does 44 divide 880?
True
Does 130 divide 14820?
True
Does 6 divide 491?
False
Does 20 divide 380?
True
Is 106 a factor of 1192?
False
Does 14 divide 84?
True
Does 138 divide 966?
True
Is 9 a factor of 36?
True
Is 25 a factor of 3326?
False
Is 16 a factor of 18642?
False
Is 300 a multiple of 30?
True
Does 41 divide 77511?
False
Does 13 divide 2899?
True
Is 1650 a multiple of 25?
True
Is 108 a multiple of 27?
True
Is 30 a factor of 2670?
True
Is 3 a factor of 2024?
False
Is 5508 a multiple of 54?
True
Is 7945 a multiple of 35?
True
Is 193 a factor of 6098?
False
Is 15 a factor of 1455?
True
Does 68 divide 1496?
True
Does 13 divide 63552?
False
Does 8 divide 272?
True
Does 7 divide 10745?
True
Does 6 divide 31740?
True
Is 131040 a multiple of 70?
True
Is 18 a factor of 2466?
True
Is 2 a factor of 18529?
False
Is 11263 a multiple of 4?
False
Is 875 a multiple of 25?
True
Does 9 divide 605?
False
Is 2865 a multiple of 75?
False
Does 28 divide 5282?
False
Is 8 a factor of 504?
True
Is 1676 a multiple of 53?
False
Is 627 a multiple of 46?
False
Does 12 divide 11306?
False
Does 4 divide 492?
True
Does 151 divide 4473?
False
Is 26 a factor of 40196?
True
Does 19 divide 10032?
True
Is 17665 a multiple of 96?
False
Does 21 divide 4917?
False
Does 14 divide 6384?
True
Does 11 divide 419?
False
Does 87 divide 6786?
True
Is 65437 a multiple of 137?
False
Is 700 a multiple of 14?
True
Is 29 a factor of 30334?
True
Does 56 divide 952?
True
Is 4900 a multiple of 196?
True
Does 17 divide 306?
True
Does 51 divide 11995?
False
Is 2914 a multiple of 59?
False
Does 19 divide 19285?
True
Is 106 a factor of 1994?
False
Is 34 a factor of 732?
False
Is 141 a factor of 141?
True
Is 142368 a multiple of 48?
True
Is 85 a multiple of 5?
True
Is 19400 a multiple of 20?
True
Is 6 a factor of 32034?
True
Does 22 divide 9283?
False
Does 3 divide 51?
True
Does 3 divide 5208?
True
Does 49 divide 16680?
False
Is 45756 a multiple of 279?
True
Is 16 a factor of 1792?
True
Does 51 divide 255?
True
Is 2200 a multiple of 40?
True
Is 832 a multiple of 13?
True
Does 6 divide 2628?
True
Is 5 a factor of 180?
True
Does 28 divide 1148?
True
Is 1134 a multiple of 27?
True
Does 30 divide 7235?
False
Does 7 divide 25318?
False
Is 76 a multiple of 4?
True
Is 1020 a multiple of 10?
True
Does 4 divide 844?
True
Is 9 a factor of 9000?
True
Is 2706 a multiple of 123?
True
Is 9468 a multiple of 9?
True
Is 10 a factor of 16680?
True
Is 12 a factor of 1524?
True
Does 55 divide 1230?
False
Does 10 divide 9405?
False
Does 11 divide 1283?
False
Is 295 a multiple of 3?
False
Is 8 a factor of 55?
False
Is 109 a factor of 1199?
True
Is 1084 a multiple of 16?
False
Does 56 divide 881?
False
Does 62 divide 15748?
True
Is 6 a factor of 9567?
False
Is 84 a factor of 16380?
True
Is 12 a factor of 12538?
False
Does 201 divide 22914?
True
Is 1260 a multiple of 14?
True
Is 43 a factor of 258?
True
Is 6 a factor of 426?
True
Is 21 a factor of 171?
False
Is 119 a multiple of 17?
True
Is 5485 a multiple of 5?
True
Is 52 a factor of 26624?
True
Is 286 a multiple of 22?
True
Does 21 divide 798?
True
Is 3324 a multiple of 44?
False
Does 3 divide 4?
False
Is 11 a factor of 52574?
False
Is 95 a factor of 14617?
False
Is 170 a factor of 5759?
False
Is 8008 a multiple of 44?
True
Does 18 divide 1045?
False
Is 28914 a multiple of 32?
False
Is 83149 a multiple of 78?
False
Does 7 divide 1533?
True
Is 29 a factor of 39991?
True
Is 4263 a multiple of 34?
False
Does 65 divide 13585?
True
Is 1573 a multiple of 7?
False
Is 122 a multiple of 21?
False
Does 